)/4?
281
Let r(a) = -1915*a + 7641. What are the prime factors of r(-25)?
2, 13879
Suppose 4*u = 14*u - 1310. Suppose y - u = -345. Let n = -133 - y. List the prime factors of n.
3
Let b = 115 - -61. Suppose -5*r = 2*j - 4, 2*r + 4 = 2*j - 2*r. Suppose -5*n + n = t - b, -n = -j*t + 379. What are the prime factors of t?
2, 47
Let a(p) = p**2 + 7*p - 6. Let w be a(1). Let x(k) = 51*k + 18. What are the prime factors of x(w)?
2, 3, 5
Suppose -3*c + 2*i = 208, -2*c - 2*c = i + 259. Let s be (-144192)/(-936) - (-2)/(-39). Let j = s + c. What are the prime factors of j?
2, 11
Suppose -29*t + 2*t = -15957. Suppose -174 = 3*m - t. List the prime factors of m.
139
Suppose -68*u + 16 = -64*u. Suppose 3*p + 17 = -5*y + u, -28 = -2*p + 4*y. Suppose 0 = -p*b + 4*t - t + 1173, 3*b - 864 = -3*t. List the prime factors of b.
3, 97
Let g(b) = -17 + 9 - 57*b + 135 + 60. List the prime factors of g(-14).
5, 197
Let v = -17463 - -32811. List the prime factors of v.
2, 3, 1279
Let i = 2766 - -4122. What are the prime factors of i?
2, 3, 7, 41
Suppose -24*q + 0*q + 210 = 18*q. Let f be 4/(-10) - (-12)/5. Suppose -s + d = -5*s + 309, -177 = -f*s - q*d. List the prime factors of s.
2, 19
Let a(q) = 4*q. Let u(i) = 3*i + 7. Let x(h) = 4*a(h) - 2*u(h). List the prime factors of x(24).
2, 113
Let m(s) = s**3 - 10*s**2 + 5*s + 17470. List the prime factors of m(0).
2, 5, 1747
List the prime factors of (4/(-6))/(((-2)/9)/((-567960)/(-36))).
2, 5, 4733
Let s be 2072 - (-5 + 5 + -4). Suppose 5*u + s = 8*u. What are the prime factors of u?
2, 173
Let n be (15/10 + 78/(-36))*-3. Suppose -4*t = 2*f - 2290, -14*t + 1150 = -12*t + n*f. What are the prime factors of t?
2, 3, 5, 19
Let x be 149/(-2) + 3/6. Let r(s) = 18*s**3 + 3*s**2 - 32*s + 52. Let u be r(2). Let h = x + u. What are the prime factors of h?
2, 5, 7
Let g = 7349 - 1087. What are the prime factors of g?
2, 31, 101
Let h = -43273 - -77950. List the prime factors of h.
3, 3853
Let t(r) = 4*r + 672. What are the prime factors of t(-84)?
2, 3, 7
Let p(l) = -l**3 + l**2 + 1. Let j be p(0). Let d(q) = q**2 + 13*q**2 + 17*q**2 + 2*q - 1. List the prime factors of d(j).
2
Let t be (0 + -6 + (3 - -1))*-218. Let k = t + -249. What are the prime factors of k?
11, 17
Suppose 0 = 427*w - 384*w - 1296622. List the prime factors of w.
2, 15077
Suppose -5*b + 37 - 12 = 0. Suppose 9*h + 3*w - 1832 = 4*h, -1840 = -5*h - b*w. List the prime factors of h.
2, 7, 13
Suppose -d - 3*d + 8 = 0. Suppose -d = 3*y - 5. Let q(z) = 70*z. List the prime factors of q(y).
2, 5, 7
Let u(z) = -49*z**2 + 7*z + 16. Let t be u(4). Let x = 1360 + t. What are the prime factors of x?
2, 5, 31
Let u = 48256 - 19705. What are the prime factors of u?
3, 31, 307
Suppose -4*a + i + 231 = -2857, 16 = 4*i. Suppose 65*f = 66*f - a. What are the prime factors of f?
773
Suppose -2*r - 3*q = 255 - 79, -5*r - 433 = 4*q. Let a = 915 - r. What are the prime factors of a?
2, 5
Let w(m) = m**3 + 15*m**2 - 38*m - 63. Let f be w(-17). Suppose 4*h = -2*a + f*a + 722, h = -4*a + 171. What are the prime factors of h?
179
Suppose -108*f + 111*f - 3420 = 0. Suppose 0 = 36*w - 30*w - f. What are the prime factors of w?
2, 5, 19
Let q = -120390 + 195081. What are the prime factors of q?
3, 43, 193
Let y(a) = -a - 11. Let x be y(4). What are the prime factors of -2 + (-297)/x - 9/(-45)?
2, 3
Let j(n) = 25*n - 18. Let u be (2/(-4) + 1)/(2/24). Let b be j(u). Suppose k = h + 2*k - b, 2*h = -5*k + 276. List the prime factors of h.
2
Suppose 0*n + 5*n = 225. Suppose 156*g + 50 = 158*g. Let s = g + n. List the prime factors of s.
2, 5, 7
Let t be 1404/(-14) - (-1 - 35/(-49)). Let n = 602 - t. What are the prime factors of n?
2, 3, 13
Let i(x) = 3*x**2 - 10. Let p be i(-7). Let u = p - -318. What are the prime factors of u?
5, 7, 13
Let p(q) = q**3 - 10*q**2 - 42*q + 47. Let z be p(13). Let r(j) = j**2 + 13*j - 98. What are the prime factors of r(z)?
2, 5, 7
Suppose 20 = j + 5*r, -2*r = -1 - 3. Let w be (j/(-4))/((-1)/2). Suppose o + 4*o + 225 = w*f, 0 = -f + 4*o + 60. List the prime factors of f.
2, 5
Suppose -5*j - 28 - 72 = -3*b, 5*j = 4*b - 125. Suppose b*q = 66*q - 64206. What are the prime factors of q?
2, 3, 29
Let a = 26 + -20. Let s be -6*(14/a + 4/(-2)). List the prime factors of ((-3)/s)/((-15)/(-590)).
59
Let o = -19 - -20. Let f be o*(-716)/4*-1. Let r = -80 + f. List the prime factors of r.
3, 11
Let c = 7636 - 1962. What are the prime factors of c?
2, 2837
Let b = 5548 - 1763. What are the prime factors of b?
5, 757
Suppose -27 = 5*u - 8*u. Let x(g) = 6*g**2 - 18*g - 33. What are the prime factors of x(u)?
3, 97
Let k = -89 - -149. Let j(z) = 6*z + 68. Let y be j(-8). Let c = k - y. List the prime factors of c.
2, 5
Let r(a) = -722*a**3 + 8*a**2 - 49*a - 152. What are the prime factors of r(-3)?
31, 631
Let y be (1 - (-9)/(-6)) + (-1612)/(-8). Let o = y - -27. What are the prime factors of o?
2, 3, 19
Let c be 14/21*(-2 + -3 + 2). List the prime factors of (-447 - -6 - 5)/c.
223
Suppose -3*m = 18, -2*m = 5*q + 861 - 1144. What are the prime factors of q?
59
Suppose 0 = 5*r + 7 + 173. Let y be 0 + (12/r - 44/(-6)). Suppose 6*t + 115 = y*t. List the prime factors of t.
5, 23
Suppose 8*v = 3*v, -3*v = 3*s - 3936. Let k = 1894 - s. What are the prime factors of k?
2, 3, 97
Suppose 12*n = 15*n + 30. Let m(r) = -r**2 - 11*r - 10. Let q be m(n). Suppose 8*w - 3*w - 330 = q. What are the prime factors of w?
2, 3, 11
Let s(z) = -5*z - 27. Let d be s(-8). Let l(n) = -n**2 + 17*n + 5. Let a be l(d). Suppose -a*m = -55*m - 398. List the prime factors of m.
199
Suppose 0 = -h - 3, -145*f + 140*f + 54636 = -2*h. What are the prime factors of f?
2, 3, 607
Let m(h) = -10*h + 16. Let v = 6 - 3. Let f be m(v). List the prime factors of (-1 + 0)/(f/476).
2, 17
Let o = -2396 - -6586. What are the prime factors of o?
2, 5, 419
Let u = 68 + -5. Suppose 2123 - 5788 - 2586 = -133*x. Let j = u - x. List the prime factors of j.
2
Let b(m) = -m**2 - 14*m + 19. Let a be b(-15). Let z be 6 - (9/12 - 647/4). Suppose z = -a*n + 5*n. What are the prime factors of n?
167
Let g(y) = y + 85. Let x be g(15). Let m = 441 + x. What are the prime factors of m?
541
Let s = 559 + -555. Suppose 3*l + 523 = s*f - 721, 4*f + 2*l - 1244 = 0. List the prime factors of f.
311
Suppose 4*r - 4 = -4*l, l - 6 = 2*r - 4*r. Let s = l + 19. Suppose s = 8*x - 3*x. List the prime factors of x.
3
Let d = 4717 - 2867. Suppose 2*s + 610 = d. List the prime factors of s.
2, 5, 31
Let y = -223 - -323. Let b = y - 70. Suppose 3*c = 3*h - b, -5*c + 10 = -0*c. What are the prime factors of h?
2, 3
Let q be -2 - 6602/(-7) - 5/35. Suppose -4*s = 12, 3*t - q = -t - 5*s. What are the prime factors of t?
239
Suppose -30*f = -45*f + 60. Suppose -2*o + 1144 = 3*c - 3*o, -f*o = 2*c - 744. What are the prime factors of c?
2, 5, 19
Let l = 27193 - 15671. What are the prime factors of l?
2, 7, 823
Suppose 0 = -10*v + 9*v - 603. What are the prime factors of v*((-52)/12 + 4)?
3, 67
List the prime factors of 11031 + 36 - (-1)/(3/(-21)).
2, 5, 7, 79
Let k be (1*2)/(24/2748). Suppose -4*v = -3*v - k. Suppose a - 4*d = 65, -4*d = 5*a - 0*d - v. What are the prime factors of a?
7
Suppose -156*g + 1966697 = -1096363. List the prime factors of g.
3, 5, 7, 11, 17
Let i(g) be the first derivative of g**5/60 + 5*g**4/6 + 13*g**3/2 - 17*g**2/2 + 4. Let f(c) be the second derivative of i(c). List the prime factors of f(-22).
83
Suppose v - 892 = 5*i, 61*i = -5*v + 56*i + 4550. List the prime factors of v.
907
Suppose -5*t = -279 - 506. Let q = -90 + 26. Let c = t - q. List the prime factors of c.
13, 17
Suppose 4*b + 1457 = -x + 32265, -3*b + 23117 = -2*x. What are the prime factors of b?
7703
Suppose -8*y = -12*y + 20, 3*p = 5*y - 10. List the prime factors of (p + -3 + -1)/(4/292).
73
Let f(p) = -8*p**2 + 51*p - 10. Let y be f(6). Suppose -11*x = -y*x - 735. List the prime factors of x.
5, 7
Let q be (-291 - 1)/(-4*(-2)/(-16)). Suppose 6414 = 11*c + q. Suppose -2*t = -2*n - 2*n - 200, 5*n = -5*t + c. List the prime factors of t.
2, 13
Suppose 0 = 31*l - 397426 - 668013. List the prime factors of l.
34369
Suppose -3*h - 3880 = 5*q, 7*q + 4*h + 3096 = 3*q. Let y = 1432 + q. List the prime factors of y.
653
Let v = -73 + 137. Let l = v + -27. Suppose 10*